 4*t - a = 43. What is the tens digit of t?
1
Let c be (-2)/9 - (-390)/54. Let n = c - 6. Suppose n = 4*m - 59. What is the tens digit of m?
1
What is the units digit of 5/(-10)*(2 - 94)?
6
Let t = -3 - -11. Suppose 5*k - k = t. Suppose 3*h - k*f - 16 = 7, -2*f - 2 = 0. What is the units digit of h?
7
Let i(s) = 14*s**3 - 7*s**2 + 5. What is the tens digit of i(3)?
2
Suppose 314 + 46 = 4*y. What is the units digit of y?
0
Suppose 2*f = 4*f + 28. Let k = 52 - 74. Let q = f - k. What is the units digit of q?
8
Let j(n) = n + 1. Let c be j(2). Suppose c*i - 3*a = -i + 57, 0 = -2*i + a + 31. What is the units digit of i?
8
Suppose 4*u = 3*h - 385, 6*h - 3*h + 5*u - 349 = 0. What is the tens digit of h?
2
Let l(m) = -m**3 - 4*m**2 + 5*m + 2. Let h be l(-5). Let r be (30/9)/(h/(-9)). What is the units digit of 1/(r/9 + 2)?
3
Suppose 4*v = 3*d - 50, -7*v - 86 = -5*d - 3*v. Suppose 5*s - b = d, 6*b = 2*s + 2*b. Suppose 0 = -l + s, l = m - 5 - 5. What is the tens digit of m?
1
Let d(p) = p**3 - 7*p**2 + 7*p - 5. Let q be d(6). Let m be (1/q)/(0 + 1). Suppose -m = -w - 0*w, -5*w + 69 = 4*z. What is the units digit of z?
6
Suppose 4*w - 11 = -3*a, 2*w = 4*w + 2. Let q = a + 0. Suppose f - h = -f + 21, 75 = q*f + 5*h. What is the tens digit of f?
1
Let z(w) = 65*w**2 + 6*w - 3. Let i(p) = 22*p**2 + 2*p - 1. Let b(v) = -11*i(v) + 4*z(v). Let x be b(1). Suppose 0*h + x = h. What is the tens digit of h?
1
Suppose -3*a + 3*b = b - 76, 2*a = 2*b + 54. What is the tens digit of a?
2
Suppose -f - 2*z + 77 = 0, f - 39 - 18 = 2*z. What is the units digit of f?
7
Let q be -5*-1*12/(-15). Let v be -2 - (q - (-2 - -2)). What is the units digit of 6/(2 + -1) - v?
4
Let k = 46 + 4. Suppose -4*g = -34 - k. What is the units digit of g?
1
Suppose -3*u = -2*f + 327, 0 = 3*f - 2*u - 123 - 370. What is the units digit of f?
5
Let y = -59 + 52. Suppose -3*c = -w + 7, -c - 12 = -4*w + 3*c. Let n = w - y. What is the units digit of n?
8
Let i(b) = -b + 22. What is the units digit of i(15)?
7
Let y = 6 - 6. Suppose -t - 2*t + 6 = y. What is the units digit of t?
2
Let t(y) = y**2 + 2*y. Let k be t(-2). Suppose -4*s + 5*p + 38 = k, -s - s + 4*p + 22 = 0. What is the units digit of s?
7
Suppose 0 = 4*p + 4*z - 48, 2*z = 7*z - 25. Let m(x) be the first derivative of x**4/4 - 2*x**3 - 3*x**2 + 7*x + 1. What is the units digit of m(p)?
4
Suppose -80 = -5*p + 55. Suppose 0*z + 10 = 2*z. Suppose -z*c + p = -3. What is the units digit of c?
6
Let b = 82 - 43. Suppose -b = -15*a + 12*a. What is the units digit of a?
3
Let g(x) be the first derivative of 5*x**2/2 - x - 2. What is the units digit of g(5)?
4
Suppose -f = -3 - 37. What is the units digit of f?
0
Suppose -i = -6*i + 15. Suppose -i*l + 48 = 5*b - 35, -5*l = -5*b + 75. What is the units digit of b?
6
Let m = -11 + 7. Let q be (-28)/6*6/m. Let g = q + -3. What is the units digit of g?
4
Suppose b - 8 = -0*o + 2*o, 0 = o + 1. What is the tens digit of (b/(-9))/(2/(-72))?
2
Let k(g) = -2*g**2 + 5*g - 2. Let a be k(6). Let y = -12 - a. What is the units digit of y?
2
Suppose -25 = -5*d - 5*j, 3 + 1 = 2*d - j. Suppose -5*x - 31 + 11 = -5*a, 4*a - 9 = -d*x. Suppose -a*y + 16 - 4 = 0. What is the units digit of y?
4
Let f = 103 - -40. What is the hundreds digit of f?
1
Suppose b + u + 9 = 2*b, 4*u - 41 = -3*b. What is the units digit of b?
1
Let u(g) = -g**3 - 4*g**2 + 6*g + 2. Let p be u(-5). Let j = -1 - p. Suppose 0 = -4*m - 3*n + 31, -5*n + 23 = 4*m - j. What is the units digit of m?
0
Let s(u) = -u**2 - 2*u + 1. Let w be s(-4). Let n = 18 + w. What is the units digit of n?
1
What is the hundreds digit of (-103 - 0)*(-2)/2?
1
Let q(d) = -2*d + 1. Suppose 0 = -5*x - k + 9, -k = 2*x - 5*x + 7. Let m be q(x). Let t = m - -8. What is the units digit of t?
5
What is the units digit of -6*3/(-9) - -48?
0
Let t(s) = 2*s - 30. Let y(w) = -3*w + 59. Let i(q) = 5*t(q) + 3*y(q). What is the units digit of i(-14)?
3
Suppose 0*h + 2*h = 34. Let a = h + -9. Suppose w - 5 - a = 0. What is the units digit of w?
3
Suppose 0 = 4*n + 2*j + j - 15, 2*j = n - 1. Suppose 0 = -n*m + m + 36. What is the units digit of (-1)/(-3) + 12/m?
1
Suppose 4*w = -l - 0*l + 49, 0 = 4*w + 3*l - 51. Suppose 0 = 4*m - 5*a - w, m - 2*a = -0*a + 6. What is the units digit of m + -2 + 3 + 17?
6
Let t(x) = 2*x + 3. Let g be t(6). Let l = g + 0. What is the tens digit of l?
1
Suppose 7*n - 1934 + 79 = 0. What is the units digit of n?
5
Let b = 14 - 10. Suppose -3*j + 69 = b*c, 2*c + 115 = 5*j - 3*c. What is the units digit of j?
3
Suppose -3*c + 8 = -4. Suppose 2*h - 2 = -r, -2*r + 0 + c = -2*h. Suppose d - 4 = -h*d. What is the units digit of d?
4
Let r(c) = -c**3 + 2*c**2 + 3*c + 4. Let z be r(3). Suppose 2 = -s - z. What is the tens digit of (-2 - -20)/(s/(-4))?
1
Suppose 0*t + 72 = 3*t. What is the tens digit of t?
2
Let k(r) be the first derivative of -r**3/3 + 3*r**2 + 2*r - 2. Let o be k(7). Let u(x) = -x**3 - 6*x**2 - 6*x - 4. What is the units digit of u(o)?
1
Let n be 4/18 + (-142)/(-9). Suppose 4*h = 4*o - n, 10 = 2*h - 4*h. What is the units digit of ((-1)/2)/(o/2)?
1
Suppose -4*f + 1 = -3*o, 7 - 17 = -5*f - 5*o. Suppose -3*w + f = 4*g, 4*g - w - 6 + 1 = 0. What is the units digit of g?
1
Let x be 139/(-5) - 4/20. Let a(j) = 11*j**2 + j + 2. Let p be a(-2). Let r = p + x. What is the units digit of r?
6
Let a be (3 + 1)*(-4)/(-8). Let y(u) = u**3 + u**2 - 3*u + 1. Let q be y(2). Suppose x - 7 = -h, -a*h - q = -x + 2*h. What is the units digit of x?
7
Let v(m) = m**3 - 6*m**2 + m - 4. Let i be v(6). Let c = i + 7. What is the units digit of c?
9
Let d(v) = -v**3 - 13*v**2 + 14*v. Let u be d(-14). Suppose 0 = 4*k + 3 - 7, 2*c + k - 27 = u. What is the units digit of c?
3
Suppose 892 = 4*x - 7*g + 3*g, 226 = x - 2*g. What is the tens digit of x?
2
Let f = 146 + 119. What is the tens digit of f?
6
Let l = -12 - -62. What is the tens digit of l?
5
Suppose -i - 1 + 11 = r, 5*r + 3*i = 40. What is the units digit of r?
5
Let s = -3 + 3. Suppose 0*d - 4*d + 80 = s. What is the tens digit of d?
2
Let v(u) be the second derivative of u**5/20 - 2*u**4/3 - 5*u**3/3 + 11*u**2/2 - u. Suppose -2*k + 45 = 27. What is the units digit of v(k)?
2
Suppose -25 = -2*x + 11. What is the tens digit of x?
1
Let q(j) = -2*j. Let n be q(3). Let x(b) = -b**2 - 7*b - 4. What is the units digit of x(n)?
2
Suppose -21 = -5*y + 24. Let s = 33 - y. What is the tens digit of s?
2
Suppose 2*v = 14 + 8. What is the tens digit of v?
1
Let i be 1465/8 + 17/(-136). Suppose 3*f = -0*f - 3*j + 111, 3*j = 4*f - i. What is the units digit of f?
2
Let r(n) = n**2 - 7*n + 5. Let c be r(5). Let q = c + 7. What is the units digit of q?
2
Let t(q) = q**2 + 12. What is the tens digit of t(-5)?
3
Let s = 3 - -4. Suppose 3*u + 1 - s = 0. What is the units digit of u?
2
Let a = 2 - -2. Let h be 1 + a + (3 - 1). Let l = -5 + h. What is the units digit of l?
2
What is the hundreds digit of (-4*(-1122)/36)/(4/6)?
1
Let z(k) = -k**2 - 2*k + 2. Let l be z(-3). Let r(y) = -y. Let c be r(l). Let w = c + 5. What is the units digit of w?
6
Suppose 0 = t + 4*f - 10, 6 = 4*t + 5*f - 1. What is the units digit of t/6 - (-19)/3?
6
Let z(m) = 9*m**2 - 2*m - 7. Let i be z(-5). What is the units digit of 4/(-22) - i/(-44)?
5
Suppose 0 = -4*k + 4*r - 8, k = 4*r - 0*r - 5. Let v(a) = -26*a**3 + a + 1. Let y be v(k). Let g = y + -12. What is the tens digit of g?
1
Let u be (10/(-8))/((-5)/20). Suppose -4*o + u*y + 131 = 0, 3*o + y - 4*y = 96. What is the units digit of o?
9
Let j = 97 + -59. What is the units digit of j?
8
Suppose 3 = 2*v - 3*v, -v - 9 = -3*z. Suppose c = -2*c. Suppose 0 = 5*u + z*s - 11, -2*u - 5*s - 4 = -c*u. What is the units digit of u?
3
Let n be (1 + 5)*3/6. Suppose -n*f + 9 - 3 = 0. Suppose 6 = -m + f*m. What is the units digit of m?
6
Let w(n) = n**3 - 4*n**2 - 5*n + 4. Let g be w(5). Suppose 0*p + 66 = 2*p - g*v, 73 = 2*p + 3*v. What is the tens digit of p?
3
Let k(b) = -b**2 - 7*b + 4. What is the tens digit of k(-3)?
1
Let a be 16/(-56) - 19/7. What is the units digit of 23 - 2/((-2)/a)?
0
Suppose 0 = -3*x + 2*w + 14, -2*w = -0 + 2. Suppose -v - 8 = h - 4*h, 0 = -h + x. What is the units digit of v?
4
What is the units digit of 9/(-15) + (-415)/(-25)?
6
Let w(c) = 5*c**2 + 5*c + 7. Let n(a) = -14*a